f 636338171?
3
What is the hundreds digit of 45609201?
2
What is the hundreds digit of 54650037?
0
What is the ten thousands digit of 55774351?
7
What is the ten thousands digit of 6978127?
7
What is the ten thousands digit of 38007791?
0
What is the hundreds digit of 2988746656?
6
What is the billions digit of 6858319689?
6
What is the ten thousands digit of 157189062?
8
What is the hundreds digit of 7808383?
3
What is the hundred thousands digit of 115400550?
4
What is the billions digit of 4232169715?
4
What is the millions digit of 176145129?
6
What is the ten thousands digit of 329474858?
7
What is the millions digit of 1195790622?
5
What is the hundred thousands digit of 14742777?
7
What is the ten thousands digit of 1844045862?
4
What is the units digit of 1045517040?
0
What is the tens digit of 517515192?
9
What is the ten millions digit of 450183662?
5
What is the hundred millions digit of 138699732?
1
What is the thousands digit of 105495382?
5
What is the hundred thousands digit of 1147242916?
2
What is the thousands digit of 2601784596?
4
What is the tens digit of 1085720747?
4
What is the thousands digit of 561254082?
4
What is the units digit of 302413016?
6
What is the tens digit of 62667276?
7
What is the hundreds digit of 2406647932?
9
What is the hundred thousands digit of 80556577?
5
What is the hundred thousands digit of 93308686?
3
What is the millions digit of 84302073?
4
What is the ten thousands digit of 41965751?
6
What is the millions digit of 131035961?
1
What is the millions digit of 55166132?
5
What is the ten thousands digit of 280381060?
8
What is the hundreds digit of 542031533?
5
What is the thousands digit of 10931402?
1
What is the thousands digit of 1178048128?
8
What is the ten thousands digit of 311932143?
3
What is the tens digit of 236057990?
9
What is the ten millions digit of 4676583342?
7
What is the ten thousands digit of 91095894?
9
What is the hundred millions digit of 198806319?
1
What is the ten thousands digit of 392788566?
8
What is the ten millions digit of 1738279398?
3
What is the hundreds digit of 1222235263?
2
What is the ten millions digit of 206792458?
0
What is the hundred thousands digit of 2697533641?
5
What is the ten millions digit of 53115684?
5
What is the units digit of 66486871?
1
What is the tens digit of 37770318?
1
What is the hundreds digit of 224704647?
6
What is the tens digit of 1878654645?
4
What is the units digit of 213170858?
8
What is the hundred thousands digit of 706089516?
0
What is the hundreds digit of 1708311660?
6
What is the hundred millions digit of 177196807?
1
What is the millions digit of 648870401?
8
What is the millions digit of 576242921?
6
What is the hundreds digit of 3627011021?
0
What is the ten thousands digit of 209287537?
8
What is the thousands digit of 739791?
9
What is the ten millions digit of 168765168?
6
What is the hundred thousands digit of 892168649?
1
What is the ten thousands digit of 971056626?
5
What is the units digit of 1290525620?
0
What is the ten thousands digit of 778250809?
5
What is the millions digit of 274709247?
4
What is the ten thousands digit of 121051899?
5
What is the units digit of 2040560850?
0
What is the tens digit of 107828125?
2
What is the ten thousands digit of 44803698?
0
What is the ten thousands digit of 70579176?
7
What is the hundred thousands digit of 2573130976?
1
What is the millions digit of 7722430461?
2
What is the tens digit of 866216515?
1
What is the tens digit of 33064211?
1
What is the ten millions digit of 342173878?
4
What is the tens digit of 1895529762?
6
What is the hundred millions digit of 152839522?
1
What is the thousands digit of 5430127743?
7
What is the tens digit of 113894393?
9
What is the ten millions digit of 454376984?
5
What is the units digit of 907818962?
2
What is the hundreds digit of 759361884?
8
What is the thousands digit of 1197008070?
8
What is the thousands digit of 5290862500?
2
What is the tens digit of 67046417?
1
What is the billions digit of 2589186448?
2
What is the hundred millions digit of 2963604254?
9
What is the hundred thousands digit of 325057642?
0
What is the hundred millions digit of 455191519?
4
What is the thousands digit of 967898048?
8
What is the tens digit of 217608762?
6
What is the hundreds digit of 34765673?
6
What is the hundred millions digit of 754714374?
7
What is the billions digit of 4336548151?
4
What is the ten thousands digit of 40714596?
1
What is the thousands digit of 45533707?
3
What is the hundreds digit of 10531031?
0
What is the hundred thousands digit of 95623966?
6
What is the hundreds digit of 843096129?
1
What is the hundred millions digit of 140456611?
1
What is the tens digit of 1627776155?
5
What is the hundreds digit of 790132346?
3
What is the ten thousands digit of 280681953?
8
What is the hundreds digit of 834741161?
1
What is the hundreds digit of 286548587?
5
What is the hundreds digit of 176637095?
0
What is the millions digit of 295905342?
5
What is the units digit of 113173789?
9
What is the ten thousands digit of 64411001?
1
What is the hundreds digit of 128495350?
3
What is the hundreds digit of 352273475?
4
What is the thousands digit of 904645?
4
What is the hundred thousands digit of 482011509?
0
What is the hundreds digit of 17073769?
7
What is the ten thousands digit of 115537965?
3
What is the millions digit of 1729552833?
9
What is the ten thousands digit of 67208869?
0
What is the hundreds digit of 5752293272?
2
What is the millions digit of 1658860269?
8
What is the billions digit of 1632574610?
1
What is the hundreds digit of 38502792?
7
What is the units digit of 55809593?
3
What is the millions digit of 751110921?
1
What is the tens digit of 8141561575?
7
What is the hundred thousands digit of 3134755094?
7
What is the thousands digit of 1018481890?
1
What is the millions digit of 1002732767?
2
What is the ten thousands digit of 316192105?
9
What is the hundred thousands digit of 140448499?
4
What is the units digit of 164615293?
3
What is the ten millions digit of 6494409599?
9
What is the units digit of 746066439?
9
What is the units digit of 70641731?
1
What is the hundreds digit of 159576957?
9
What is the billions digit of 4153660539?
4
What is the tens digit of 43466350?
5
What is the ten millions digit of 146656443?
4
What is the hundred millions digit of 214783955?
2
What is the tens digit of 3991423832?
3
What is the hundreds digit of 21292270?
2
What is the ten millions digit of 161869541?
6
What is the billions digit of 2263326894?
2
What is the ten millions digit of 82513153?
8
What is the thousands digit of 883485864?
5
What is the ten millions digit of 50583747?
5
What is the units digit of 378455197?
7
What is the units digit of 281877759?
9
What is the thousands digit of 185040070?
0
What is the hundreds digit of 307632875?
8
What is the ten thousands digit of 1519343578?
4
What is the thousands digit of 1537610924?
0
What is the millions digit of 208216624?
8
What is the hundred thousands digit of 34667258?
6
What is the hundred thousands digit of 833641129?
6
What is the ten millions digit of 157113509?
5
What is the hundred thousands digit of 45619908?
6
What is the hundred millions digit of 933280181?
9
What is the ten thousands digit of 533809642?
0
What is the units digit of 46790123?
3
What is the hundred thousands digit of 88424628?
4
What is the hundred millions digit of 219008612?
2
What is the billions digit of 2109684758?
2
What is the hundred millions digit of 585350635?
5
What is the units digit of 1793597726?
6
What is the millions digit of 50974089?
0
What is the ten millions digit of 3296794560?
9
What is the ten millions digit of 49166256?
4
What is the thousands digit of 251368482?
8
What is the tens digit of 183058214?
1
What is the thousands digit of 104267667?
7
What is the units digit of 2033007489?
9
What is the hundred millions digit of 565400868?
5
What is the tens digit of 944465029?
2
What is the units digit of 2764062487?
7
What is the ten thousands digit of 2917897750?
9
What is the ten millions digit of 376364746?
7
What is the hundred thousands digit of 5558306627?
3
What is the hundreds digit of 2084771660?
6
What is the thousands digit of 242